. Let j be v(7). Let x(d) = 23*d**2. Let a be x(2). Let g = a - j. What is the highest common factor of 12 and g?
12
Let k be (-35)/20*(-4)/1. Suppose -i - 6 = -4*i. Suppose 3 = -i*g + k. What is the greatest common divisor of g and 10?
2
Let o(j) = -j**2 + 7*j - 5. Let r be o(9). Let g = -14 - r. Calculate the greatest common factor of 18 and g.
9
Let v be 135/2*(-4)/8*-4. Calculate the greatest common factor of v and 27.
27
Let i(s) = -17*s - 4. Let u be i(-1). Let z be (208/(0 - 2))/(-1). Calculate the highest common factor of z and u.
13
Suppose -6*m + 48 + 6 = 0. Calculate the greatest common divisor of m and 3.
3
Let p = -32 - -74. What is the highest common divisor of 63 and p?
21
Suppose -5*s + 12 = -a + 2*a, 0 = -s - 4*a + 10. Suppose 54 = s*r - 52. Suppose 2*t - r = 45. Calculate the highest common factor of 7 and t.
7
Suppose -4*c - 5*w + 13 = -0*w, -4*w + 12 = 4*c. Let i be 14/(-63) - (-292)/18. Calculate the highest common factor of c and i.
2
Let l = -17 + 41. Let y = -12 + 20. Suppose 5*t - 32 - y = 0. Calculate the greatest common factor of t and l.
8
Let m be (20/(-6))/(1/(-9)). Suppose 4*s = 30*s - 1170. What is the greatest common factor of m and s?
15
Suppose 9*f = 7*f + 204. What is the greatest common divisor of 34 and f?
34
Let k be 85/5 - (-8)/2. Calculate the greatest common divisor of k and 14.
7
Suppose 6*p - 2*p = 24. Let u be (-544)/(-10) - 2/5. What is the highest common factor of p and u?
6
Suppose -73 = -3*f - p, 3*f + 31 - 102 = p. Calculate the highest common factor of 3 and f.
3
Let x = 2 + -9. Let z = x - -23. Calculate the greatest common factor of 8 and z.
8
Let j = 14 + -13. Calculate the greatest common factor of j and 1.
1
Suppose 0 = -0*t - t - 29. Let w be 4/(-6) + t/(-3). Let q = w - 4. What is the greatest common divisor of 45 and q?
5
Suppose -8*m + 9*m - 3 = 0, 5*h + 4*m - 62 = 0. What is the highest common divisor of h and 110?
10
Suppose -4*c + 2*c = -2*f - 80, -5*f = c - 22. Calculate the highest common factor of 74 and c.
37
Let t(o) = 23*o**2 - o. Let a be t(1). Let k be a/(-2)*10/(-2). Calculate the highest common divisor of 22 and k.
11
Suppose 0 = -5*s + 73 + 127. Suppose -5*h + s = -0. Suppose 0 = -2*p - 4*n + 4, -3*n = -p - 1 + h. What is the greatest common factor of p and 10?
2
Suppose 4*z - 35 = 3*d, -d - 30 = -3*z - 0*d. Let g = z - -3. Let x(f) = -f**2 + 3*f + 2. Let m be x(3). Calculate the greatest common factor of g and m.
2
Let b be (2/(-2))/(1/(-2)). Let f be ((-5)/(-3))/(1/177). Suppose 0 = 3*m - b - f. What is the greatest common divisor of m and 11?
11
Let b be ((-9)/(27/60))/(-1). Calculate the highest common factor of 20 and b.
20
Let y(h) = -h**3 + 3*h**2 - h + 3. Let l be y(3). Suppose 3*v + 0*v - 4*u - 53 = l, -4*v - 4*u + 24 = 0. What is the greatest common factor of 1 and v?
1
Let z be (0 + 0 - -18)/1. Suppose 4*p + 54 = 5*p. What is the greatest common factor of p and z?
18
Let b(q) = -q**3 + 10*q**2 - 18*q + 11. Let z be b(8). Suppose 0 = 3*s + 7 - 1. Let c be (s + -13)*1*z. Calculate the highest common factor of c and 30.
15
Let j be (-2*15)/((-28)/42). Calculate the greatest common factor of 9 and j.
9
Suppose 3*d - 360 = -2*d. Let s be ((-49)/(-4))/(1/(-4)). Let p = d + s. Calculate the highest common divisor of 207 and p.
23
Let o(k) = 14*k**2 - 7*k + 7. Let x(y) = y**2 - y + 1. Let d(n) = o(n) - 3*x(n). Let u be d(3). Calculate the highest common factor of u and 13.
13
Let y be (-21)/(-4)*-3*80/(-45). Calculate the greatest common divisor of 7 and y.
7
Let p be (-774)/(-12)*2/3. Calculate the highest common factor of p and 43.
43
Let p(t) be the third derivative of -t**6/120 + t**5/20 + 2*t**2. Let j be p(-4). What is the greatest common divisor of 14 and j?
14
Suppose 5*i = 3*i + 10. Suppose 0 = -b + 2*p + 14, -2*b - i*p + p = -28. Calculate the greatest common factor of b and 21.
7
Let b = 39 + -35. Calculate the highest common factor of b and 4.
4
Let k = -34 - -64. Calculate the greatest common factor of k and 75.
15
Suppose -3*o - 4*o = -840. Let v = -23 + 38. What is the greatest common divisor of v and o?
15
Suppose -44 = 3*d - 5*d. Let s be (-3)/6 - d/(-4). Calculate the greatest common divisor of 45 and s.
5
Let v(c) be the first derivative of -3*c**2/2 + 2*c - 1. Let m be (0 - (-3)/(-6))*4. Let i be v(m). Calculate the greatest common divisor of i and 8.
8
Let t(i) = -3*i - 19. Let l(g) = 8*g + 3. Let n be l(-2). Let u be t(n). What is the highest common factor of u and 60?
20
Let t = 12 + -8. Suppose -4*x + 91 = s + t*s, -3 = -s + 3*x. What is the highest common divisor of s and 10?
5
Let h(t) = t**3 - t**2 + t + 12. Let i be h(0). Let z be (39/i)/((-1)/(-12)). Let w be 12/16 - (-202)/8. What is the greatest common factor of z and w?
13
Suppose 3*y + 40 = 187. Let n = 24 - 16. Suppose n + 6 = 2*j. Calculate the highest common factor of j and y.
7
Let s be (8/(-2) + 1)*2/(-3). Calculate the highest common divisor of s and 16.
2
Let q = 11 - 7. Let a be (-135)/(-10) + (-2)/q. Calculate the highest common factor of a and 143.
13
Let a(q) = q**2 - 3*q + 6. Let n be a(6). Calculate the highest common divisor of n and 16.
8
Let m be (0 + -3)/(2 - 3). Let n = m + -1. Suppose 0 = -2*u - z + 20, n*u + 4*z - 44 = -2*u. What is the greatest common divisor of 27 and u?
9
Let u = -1 - -17. Calculate the highest common divisor of 2 and u.
2
Let s = 11 + -1. Let h = 19 - s. What is the highest common factor of h and 81?
9
Suppose 3 + 22 = 5*k, -13 = m - 4*k. Let l = -1 + 4. Suppose 0 = -v + 4 + l. What is the highest common divisor of m and v?
7
Let x = 12 - -6. Calculate the greatest common factor of x and 27.
9
Suppose 11 = x - 2*m, -3*x = x + 5*m - 31. Calculate the highest common factor of 18 and x.
9
Suppose -a = -5*d + 3*d - 18, 2*d + 26 = 2*a. Calculate the greatest common divisor of 4 and a.
4
Let i = -3 - -5. Suppose 2*b = -i*a + 523 - 145, -3*a = -b - 547. Let z = 45 - 22. What is the greatest common factor of a and z?
23
Let r = 68 + -44. What is the greatest common factor of r and 120?
24
Suppose 3*d = 3 + 21. Suppose 0 = -2*f - 3*o - 2, 5*f + 2*o - 4 = 2. Suppose -f*a - t - t = -12, 2*a + 13 = 3*t. What is the greatest common factor of d and a?
1
Suppose -5*g = -146 - 89. Suppose 4*b - 8 = 12. Suppose b*m + 2 = g. Calculate the greatest common divisor of 3 and m.
3
Suppose 0*s + 4*s = 92. What is the highest common factor of s and 253?
23
Let k = 82 + -72. Calculate the highest common divisor of 25 and k.
5
Let x(s) = 5*s**3 + s**2 - 2*s + 1. Let l be x(1). Let a be (15/(-6))/l*-14. Calculate the greatest common factor of 21 and a.
7
Let q(y) = y**3 + 7*y**2 + 4*y + 7. Let t be q(-5). Suppose 4*h - t = 35. Calculate the greatest common divisor of 6 and h.
6
Let m(r) = -r**2 + 6*r + 8. Let l be m(8). Let k(b) = 1 - b**2 + 5*b + 2*b**2 + 2*b. Let i be k(l). Calculate the highest common factor of 63 and i.
9
Let g(l) = l**2 + 3*l + 1. Let s be g(-3). Suppose -3*r + 11 + s = 0. What is the greatest common factor of 2 and r?
2
Suppose -2*o = y - 44, -y + 244 = 4*y - 2*o. What is the greatest common divisor of y and 12?
12
Let v = 26 + -15. Calculate the greatest common factor of 121 and v.
11
Let c be (4/(-16) - 1)*-4. Calculate the greatest common factor of 5 and c.
5
Suppose z + g = -0*g, g = -4. Let m be 4/8*3*z. Calculate the greatest common factor of 12 and m.
6
Let c = 6 + -4. Suppose -l = c*l - 42. Calculate the highest common factor of 28 and l.
14
Suppose -3*n = -5*n + 26. Suppose 6*l = l - a + 53, a = -l + n. Let m be (-834)/(-21) - 4/(-14). Calculate the greatest common divisor of m and l.
10
Let q = -6 - -13. Let y = q - 11. Let t be ((-7)/(-2))/((-2)/y). What is the greatest common divisor of 14 and t?
7
Suppose a = 5*a - 124. What is the greatest common divisor of a and 93?
31
Let j(m) = -12*m + 1. Let o be j(1). Let g be (-4)/10*(o + 6). Calculate the greatest common factor of 6 and g.
2
Let q(u) = u**2 - 6*u + 2. Let h be q(6). Suppose o - 14 = -6. Calculate the greatest common divisor of h and o.
2
Suppose -f - 4 = -a - 2*f, a = 2*f + 4. Suppose -a*k - 34 = -418. Let i be (-1 + 33/(-3))*-1. What is the greatest common divisor of k and i?
12
Suppose -5*u + 2*k + 27 = 0, 3*u - 2*k + 4 = 21. Let p = 8 + -11. Let d = 23 + p. What is the hi